s the units digit of f(6)?
6
Suppose -243 = 4*g - 311. Suppose g*c + 674 = 19*c. What is the tens digit of c?
3
Let b(i) = 27 + 5 + 14*i**2 + i**3 - 19*i + 26*i. Let a be b(-12). Suppose -a = -3*n + 289. What is the hundreds digit of n?
1
Let m = -44468 - -83079. What is the thousands digit of m?
8
Let s(p) = 2*p**2 + 2*p + 1. Let i(u) = -6*u**3 + 3*u**2 + 6*u + 30. Let c(m) = i(m) + 2*s(m). What is the tens digit of c(-6)?
2
What is the thousands digit of -11 + (-3 - (3 - 2851))?
2
Suppose 0*t - 4*t = 5*z + 2, -z - 6 = -2*t. Suppose -4*v - t*w + 287 = -785, v = 2*w + 278. What is the tens digit of v?
7
Let l = -1990 + 4352. What is the tens digit of l?
6
Let t(m) = 15*m + 47. Let j be t(-3). Suppose -5*w = -0*w + j*o - 3268, -5*o + 649 = w. What is the units digit of w?
4
Suppose -3*h = 5*d - d + 9, -4*h + 8 = 2*d. Let f(n) = n**2 - 14*n - 56. What is the units digit of f(d)?
4
Let i = -1680 + 3406. Let c = -999 + i. What is the tens digit of c?
2
Suppose -m + 3*y + 12 = 0, -2*m - 2*y = -6*m + 28. Let f(b) = -11*b**2 - 198*b + 208*b + 6 - b**2 + 9*b**2 + 2*b**2. What is the tens digit of f(m)?
3
Let m(u) = u**2 - 50*u - 644. What is the hundreds digit of m(83)?
0
Let z(k) = k**2 + 27*k + 72. Let q be z(-3). Suppose -n + 0*n + 771 = q. What is the tens digit of n?
7
Let o(v) = -v**2 - 22*v + 15. Let w be o(-21). Let k(l) = l**2 - 4*l + 5. Let u be k(8). Let p = u + w. What is the units digit of p?
3
Let p = -4397 + 17334. What is the thousands digit of p?
2
What is the units digit of 34/((3 + (-4830)/1611)*1)?
8
Suppose 15564743 = 231*u - 1766494. What is the units digit of u?
7
Suppose 301*r - 265*r = 1332. Let d be (-85)/(-2)*(0 - -6). Suppose 4*c - d = r. What is the tens digit of c?
7
Suppose -3*w + 224 = -2*w - x, 3*w - 680 = 5*x. Suppose -2*m + 7*m = -w. Let t = m - -98. What is the units digit of t?
4
Let m(l) = -9645*l**3 + 3*l**2 + 9*l + 5. What is the thousands digit of m(-1)?
9
Let h(q) be the third derivative of 59*q**5/60 - 3*q**4/8 - 19*q**3/6 + 11*q**2. What is the tens digit of h(-3)?
3
Let a(c) = -16*c**3 - 10*c**2 + 21*c + 3. Let k be a(2). Let z be (-317)/(-9) + 4/(-18). What is the tens digit of (-14)/z*(k + -2)?
5
Let n(f) = 53*f**2 - 3*f + 47. Let p be n(5). Let t = p + 22. What is the hundreds digit of t?
3
Suppose 8084 = 3*s + 4*s - 98575. What is the hundreds digit of s?
2
Suppose 2*j + 2*x + 4 - 14 = 0, 2*j - 3*x + 10 = 0. Suppose 0 = -2*w + 3*t + 327, 0 = 4*t + 19 + j. Suppose -4*q + w - 28 = 0. What is the tens digit of q?
3
Let x(y) = -7*y + 2164. What is the tens digit of x(115)?
5
Suppose 5*h = 2*v + 44660, -2160*v = h - 2163*v - 8932. What is the hundreds digit of h?
9
Let u(p) = -p**2 - 25*p + 19. Suppose 0 = 3*a - d - 20, 2*d - 7 = 1. Suppose -5*k - 25 = 2*i - a*k, 0 = -2*i - 2*k - 40. What is the hundreds digit of u(i)?
1
Suppose -l - 7 = 0, 595*w - 591*w + 5*l - 156193 = 0. What is the tens digit of w?
5
Let c(q) = 97*q - 7. Let o(r) = -5*r**2 - 7*r - 4. Let h be o(-2). Let i be h/(-6) - (26/(-6) - -4). What is the units digit of c(i)?
7
Suppose 38*f - 130*f + 1391940 + 6560264 = 0. What is the hundreds digit of f?
4
Suppose 27 = -17*t + 78. Suppose t*r - 15 = 2*j, 5*r = -0*r + j + 25. Suppose -2*s + 581 = r*s. What is the tens digit of s?
8
Suppose 5*x + 0 + 39 = 4*b, 3*x = -3*b + 9. Let a be -2*(-2258)/32 - (-84)/(-672). Suppose -b*s + 7*s = a. What is the hundreds digit of s?
1
Let z be (-10)/(-6)*(-6 + 4 + 5). Suppose -4*q + 14 = 6, -z*q = -4*o + 1818. What is the units digit of o?
7
Let z(s) = 405*s**2 - 277*s - 3029. What is the tens digit of z(-11)?
2
Suppose -4*a + 5*a = -w - 1, 3*w - 2*a = -8. What is the hundreds digit of w - -3 - (-4 + -646)?
6
Let k(w) = -6099*w - 7207. What is the hundreds digit of k(-11)?
8
Suppose -n - 3*z + 4*z - 5 = 0, n + 3*z = -5. Let t be n + (4 - (-14 + 1)). What is the units digit of (632/t)/(6/9)?
9
Let l(j) = j**3 - 6*j**2 - 42*j - 4. Let w be l(-4). Suppose 739 = 5*g + 6*i - 10*i, -5*g - w*i + 731 = 0. What is the hundreds digit of g?
1
Suppose 0 = -392*t + 461*t - 2950233. What is the thousands digit of t?
2
Let b = -5148 + 14418. What is the units digit of b?
0
Let i = -143 - -143. What is the tens digit of (-584)/12*(i + -3)?
4
What is the hundreds digit of (-6)/(-117) - 308293*(-3)/117?
9
Let z be (-3)/(-2)*(-91)/(-42)*4. Let v be z - (2 + -3)*(2 - 2). Let f(d) = 5*d + 15. What is the units digit of f(v)?
0
Let u be -1*3/(-2) + (-2294)/148. What is the tens digit of 5 + u*198/(-12)?
3
Suppose 6*p - 129 - 63 = 0. Suppose 3*u = u - 5*a + p, -a + 4 = 0. What is the units digit of u?
6
Suppose 2297 = 3*y - 3235. Suppose y = 3*m + 4*z, -3*z - 2751 = -5*m + 274. What is the hundreds digit of m?
6
Let h(k) = k + 9. Let p be h(-5). What is the hundreds digit of 3*p/(-12) - -255?
2
Suppose -23*b = -4 + 73. What is the tens digit of 250 + b - (11 + -13)?
4
Let j be (63/(-2))/(-21) - (-3079)/2. Let d = 2180 - j. What is the units digit of d?
9
Suppose 0 = -4*m + 7 + 85. Suppose 4 = 9*p - m. What is the units digit of 3/6*534/p?
9
Let w(g) = -6*g**3 - 9*g**2 + 77*g + 790. What is the thousands digit of w(-20)?
3
Suppose 14*g + 88 = 58*g. Suppose -2916 = -g*p - 2*w, p - 2*p + 3*w + 1450 = 0. What is the units digit of p?
6
Suppose -6*k + 25*k - 76 = 0. Suppose k*m - 998 + 138 = 0. What is the units digit of m?
5
Let h be 207*4*4/16. Let r = -32 + h. What is the tens digit of r?
7
Suppose 0 = -5*q - 267 + 792. Let a = q - -279. What is the hundreds digit of a?
3
Let h be (48/14)/((-5)/35). What is the hundreds digit of (-18060)/h - (50/4)/5?
7
Let n(r) = r**3 + 5*r**2 - 5*r + 2. Let x be n(4). Suppose -3*v + 54 = 2*i, 2*i - 6*i + 3*v = -x. Suppose 45 + i = 5*p. What is the tens digit of p?
1
Let n = -2307 - -5344. What is the hundreds digit of n?
0
What is the hundreds digit of 4/7 - 8/21*518715/(-60)?
2
Suppose -11*p = -52604 - 40819. What is the tens digit of p?
9
Let q = -2613 - -4129. Suppose -3*j + 278 = -q. What is the hundreds digit of j?
5
Let v(j) = 61*j**2 + 28*j - 36. What is the thousands digit of v(-10)?
5
Let u(h) = -1369*h - 2058. What is the tens digit of u(-6)?
5
Suppose 0 = p + 4*l - 913 - 1594, -3*p + l = -7456. What is the units digit of p?
7
Let n(v) = -4*v + 22. Let r be n(5). Suppose -7*h + 68 = -3*h - 4*w, -3*h + r*w = -54. What is the tens digit of h?
2
Let v(j) = 118*j + 12. Let c be v(-3). Let i = c + 637. What is the hundreds digit of i?
2
Suppose -3*h - 713 = 2170. Let p = -516 - h. What is the hundreds digit of p?
4
Suppose 2*d = 3*i + 148004, 4*d - 241950 = -5*i + 54102. What is the tens digit of d?
0
Let c(k) = -k**2 + 14*k + 122. Let p be c(20). Suppose 26*t - 22*t + 3*a - 872 = 0, -5*t + p*a = -1090. What is the hundreds digit of t?
2
Let t be 6 + (4 - -3)/(-7). Suppose 5*g + 6*h - h - 1205 = 0, -2*h - 1177 = -t*g. What is the hundreds digit of g?
2
Let r(h) = -h**3 + 7*h**2 + 21. Let c be r(7). Suppose -24*b + c*b = -819. What is the units digit of b?
3
Let g(s) = 5*s**2 + 18*s - 47. Let o(t) = 14*t**2 + 54*t - 142. Let q(x) = 10*g(x) - 3*o(x). What is the tens digit of q(7)?
7
Suppose 15*j + 12 - 72 = 0. Let y(c) = 4*c**3 - 7*c**2 + 9*c - 2. What is the tens digit of y(j)?
7
Suppose -5*p - 127*b = -128*b - 251114, -3*p = b - 150662. What is the hundreds digit of p?
2
Let c(n) = 11*n - 10. Let o(d) = d**2 - 3*d - 15. Let b be o(-3). Suppose b*p - 9*p = -66. What is the units digit of c(p)?
1
Let h = 6461 - -7045. What is the tens digit of h?
0
Suppose 0 = 7*j - 8*j + 14. Let s(t) = t**2 + 9*t - 5. What is the hundreds digit of s(j)?
3
Let v(h) = h**2 + 3*h - 38. Suppose 4*g - 9*g - 35 = 0. Let k be v(g). Let z(c) = 3*c**2 + 7*c + 6. What is the tens digit of z(k)?
3
Let c be (2 - 2) + 4/((-20)/(-25)). Let a(d) = d**3 - 8*d**2 - 5*d + 11. Let x be a(c). Let l = 38 - x. What is the tens digit of l?
2
Suppose -7*f - 161 = 2*p - 2*f, -f = -3. What is the tens digit of (24*-2)/(1 + 104/p)?
6
Suppose -s + 5*f - 11 = 0, -2*f + 48 = 4*s + f. Suppose s*c = 395 + 766. What is the tens digit of c?
2
Suppose 3*m - 4*n = -3*n + 29, -5*m + 46 = -4*n. Suppose 2*z - 959 = 3*o, 5*o + 2385 = -5*z + m*z. What is the tens digit of z?
7
Suppose 5*r - 4*r = 0. Suppose r*j - 3*j = -0*j. What is the tens digit of 33/((-1)/(0 - 3 - j))?
9
Suppose -3*y + 89*t = 8